 when 49416 is divided by 49398?
18
Calculate the remainder when 995675 is divided by 481.
5
Calculate the remainder when 206257 is divided by 41234.
87
Calculate the remainder when 14558 is divided by 500.
58
Calculate the remainder when 302365812 is divided by 262.
258
What is the remainder when 14303081 is divided by 3761?
3759
What is the remainder when 2799627 is divided by 667?
228
Calculate the remainder when 1944553 is divided by 194397.
583
What is the remainder when 44350 is divided by 3367?
579
What is the remainder when 1331633 is divided by 37?
3
Calculate the remainder when 5889 is divided by 5352.
537
Calculate the remainder when 25947 is divided by 12431.
1085
Calculate the remainder when 6767601 is divided by 57841.
204
Calculate the remainder when 10267649 is divided by 450.
449
What is the remainder when 41523 is divided by 20366?
791
Calculate the remainder when 27421067 is divided by 5484210.
17
Calculate the remainder when 10745694 is divided by 4165.
4159
What is the remainder when 1393802 is divided by 6482?
172
What is the remainder when 169537 is divided by 277?
13
Calculate the remainder when 2998061 is divided by 314.
303
Calculate the remainder when 6238184 is divided by 66.
62
What is the remainder when 116279 is divided by 16334?
1941
Calculate the remainder when 770093 is divided by 13277.
27
Calculate the remainder when 1103379 is divided by 2289.
81
What is the remainder when 48197 is divided by 3138?
1127
What is the remainder when 1360506 is divided by 219?
78
Calculate the remainder when 5532485 is divided by 74.
23
What is the remainder when 43046 is divided by 1307?
1222
Calculate the remainder when 1453211 is divided by 4796.
23
Calculate the remainder when 6034918 is divided by 120.
118
What is the remainder when 4135048 is divided by 229724?
16
Calculate the remainder when 3020086 is divided by 222.
220
Calculate the remainder when 804802 is divided by 649.
42
What is the remainder when 172330284 is divided by 31?
13
What is the remainder when 3820034 is divided by 3819995?
39
What is the remainder when 2112702 is divided by 9?
6
Calculate the remainder when 2508255 is divided by 339.
333
What is the remainder when 4773900 is divided by 954776?
20
What is the remainder when 13182449 is divided by 1310?
1229
Calculate the remainder when 679306 is divided by 10614.
10
What is the remainder when 4846410 is divided by 43?
9
Calculate the remainder when 4393338 is divided by 122.
118
Calculate the remainder when 249675 is divided by 10660.
4495
What is the remainder when 148742 is divided by 74121?
500
What is the remainder when 1386433 is divided by 277?
48
What is the remainder when 10110026 is divided by 105?
101
Calculate the remainder when 584153 is divided by 263.
30
Calculate the remainder when 5850898 is divided by 45.
43
What is the remainder when 33823248 is divided by 1691162?
8
What is the remainder when 7075894 is divided by 847?
56
Calculate the remainder when 101904 is divided by 539.
33
Calculate the remainder when 5700166 is divided by 2580.
946
Calculate the remainder when 6580 is divided by 2368.
1844
Calculate the remainder when 1265993 is divided by 97383.
14
What is the remainder when 102140 is divided by 10176?
380
What is the remainder when 3761141 is divided by 795?
791
What is the remainder when 872399 is divided by 1512?
1487
What is the remainder when 147869 is divided by 640?
29
Calculate the remainder when 7775411 is divided by 11889.
5
What is the remainder when 130348 is divided by 297?
262
Calculate the remainder when 356908 is divided by 770.
398
Calculate the remainder when 68326315 is divided by 4427.
4424
What is the remainder when 251999 is divided by 30212?
10303
Calculate the remainder when 34724569 is divided by 37.
32
Calculate the remainder when 77340 is divided by 637.
263
What is the remainder when 6563507 is divided by 51?
11
What is the remainder when 24643 is divided by 23418?
1225
What is the remainder when 218494295 is divided by 24?
23
What is the remainder when 514169 is divided by 2116?
2097
Calculate the remainder when 2477579 is divided by 30.
29
What is the remainder when 1378680 is divided by 166?
50
Calculate the remainder when 14411259 is divided by 145.
144
Calculate the remainder when 240560 is divided by 79702.
1454
Calculate the remainder when 3327929 is divided by 3090.
3089
Calculate the remainder when 7021378 is divided by 1003053.
7
What is the remainder when 6411703 is divided by 1602866?
239
What is the remainder when 17063 is divided by 3685?
2323
What is the remainder when 4887051 is divided by 1772?
1647
Calculate the remainder when 316812 is divided by 972.
912
What is the remainder when 163830196 is divided by 4497?
4486
Calculate the remainder when 60762972 is divided by 10127160.
12
Calculate the remainder when 196481 is divided by 97684.
1113
What is the remainder when 56893 is divided by 7079?
261
Calculate the remainder when 133701 is divided by 920.
301
What is the remainder when 117050 is divided by 29235?
110
What is the remainder when 561531 is divided by 4222?
5
What is the remainder when 10560591 is divided by 461?
3
Calculate the remainder when 4679377 is divided by 2105.
2067
Calculate the remainder when 2609265 is divided by 2609265.
0
Calculate the remainder when 11947055 is divided by 2966.
7
Calculate the remainder when 4157258 is divided by 182.
14
Calculate the remainder when 6053749 is divided by 39310.
9
Calculate the remainder when 386391 is divided by 1337.
1335
What is the remainder when 1146121 is divided by 163724?
53
What is the remainder when 2333465 is divided by 2240?
1625
What is the remainder when 103222 is divided by 179?
118
Calculate the remainder when 11948636 is divided by 80.
76
Calculate the remainder when 24361540 is divided by 537.
535
What is the remainder when 8678 is divided by 3722?
1234
Calculate the remainder when 151961 is divided by 37481.
2037
Calculate the remainder when 6441938 is divided by 42.
20
Calculate the remainder when 112614 is divided by 11638.
7872
Calculate the remainder when 1377765 is divided by 790.
5
What is the remainder when 8808 is divided by 4374?
60
Calculate the remainder when 48602 is divided by 332.
130
Calculate the remainder when 45760462 is divided by 1674.
1672
Calculate the remainder when 14831986 is divided by 5467.
15
What is the remainder when 768216 is divided by 71?
67
Calculate the remainder when 193862 is divided by 6185.
2127
Calculate the remainder when 8864 is divided by 4415.
34
Calculate the remainder when 824801 is divided by 61.
20
Calculate the remainder when 2037514 is divided by 2147.
11
Calculate the remainder when 20431440 is divided by 1080.
0
Calculate the remainder when 14630 is divided by 3550.
430
Calculate the remainder when 123262 is divided by 448.
62
What is the remainder when 39720451 is divided by 1217?
5
What is the remainder when 2156598 is divided by 28?
10
Calculate the remainder when 50183 is divided by 7098.
497
What is the remainder when 35029370 is divided by 2594?
2588
What is the remainder when 1927227 is divided by 15668?
63
What is the remainder when 594562 is divided by 34968?
106
Calculate the remainder when 10294830 is divided by 1112.
1046
What is the remainder when 617041 is divided by 5154?
3715
Calculate the remainder when 26161 is divided by 13038.
85
Calculate the remainder when 97924435 is divided by 25.
10
What is the remainder when 2209912 is divided by 12628?
12
Calculate the remainder when 5264146 is divided by 5264139.
7
Calculate the remainder when 3494359 is divided by 25693.
111
What is the remainder when 12790602 is divided by 4823?
6
Calculate the remainder when 1110414 is divided by 490.
74
Calculate the remainder when 1389159 is divided by 694573.
13
Calculate the remainder when 37556646 is divided by 262.
256
Calculate the remainder when 21520248 is divided by 348.
276
What is the remainder when 229860 is divided by 38156?
924
Calculate the remainder when 25205 is divided by 1096.
1093
What is the remainder when 4188928 is divided by 1047228?
16
Calculate the remainder when 82027 is divided by 11653.
456
Calculate the remainder when 344686 is divided by 1336.
1334
What is the remainder 